{"id":3053,"date":"2021-09-05T15:03:31","date_gmt":"2021-09-05T15:03:31","guid":{"rendered":"https:\/\/new.spitalturda.ro\/?page_id=3053"},"modified":"2025-01-20T07:58:00","modified_gmt":"2025-01-20T07:58:00","slug":"laborator-analize-medicale","status":"publish","type":"page","link":"https:\/\/spitalturda.ro\/index.php\/specialitati-si-servicii-medicale\/laborator-analize-medicale\/","title":{"rendered":"Laborator Analize Medicale"},"content":{"rendered":"<div class=\"wpb-content-wrapper\"><p>[vc_row][vc_column width=&#8221;1\/2&#8243;][vc_single_image image=&#8221;3054&#8243; img_size=&#8221;large&#8221;][vc_row_inner][vc_column_inner][vc_column_text css=&#8221;&#8221;][\/vc_column_text]<style type=\"text\/css\" data-type=\"the7_shortcodes-inline-css\">.icon-with-text-shortcode.icon-text-id-7cdc22270caecde1644a5a8de05aa736 .text-icon {\n  width: 60px;\n  height: 60px;\n  line-height: 60px;\n  font-size: 32px;\n  border-radius: 200px;\n  margin: 0px 0px 0px 0px;\n}\n.icon-with-text-shortcode.icon-text-id-7cdc22270caecde1644a5a8de05aa736 .text-icon .icon-inner {\n  min-width: 60px;\n  min-height: 60px;\n  border-radius: 200px;\n}\n@media all and (-ms-high-contrast: none) {\n  .icon-with-text-shortcode.icon-text-id-7cdc22270caecde1644a5a8de05aa736 .text-icon .icon-inner {\n    height: 60px;\n  }\n}\n.icon-with-text-shortcode.icon-text-id-7cdc22270caecde1644a5a8de05aa736 .text-icon .dt-hover-icon {\n  line-height: 60px;\n}\n.icon-with-text-shortcode.icon-text-id-7cdc22270caecde1644a5a8de05aa736 .text-icon:before,\n.icon-with-text-shortcode.icon-text-id-7cdc22270caecde1644a5a8de05aa736 .text-icon:after,\n.icon-with-text-shortcode.icon-text-id-7cdc22270caecde1644a5a8de05aa736 .text-icon .icon-inner:before,\n.icon-with-text-shortcode.icon-text-id-7cdc22270caecde1644a5a8de05aa736 .text-icon .icon-inner:after {\n  min-width: 100%;\n  min-height: 100%;\n  padding: inherit;\n  border-radius: inherit;\n}\n.icon-with-text-shortcode.icon-text-id-7cdc22270caecde1644a5a8de05aa736 .text-icon.dt-icon-border-on:before {\n  border-width: 2px;\n  border-style: solid;\n}\n.dt-icon-border-dashed.icon-with-text-shortcode.icon-text-id-7cdc22270caecde1644a5a8de05aa736 .text-icon.dt-icon-border-on:before {\n  border-style: dashed;\n}\n.dt-icon-border-dotted.icon-with-text-shortcode.icon-text-id-7cdc22270caecde1644a5a8de05aa736 .text-icon.dt-icon-border-on:before {\n  border-style: dotted;\n}\n.dt-icon-border-double.icon-with-text-shortcode.icon-text-id-7cdc22270caecde1644a5a8de05aa736 .text-icon.dt-icon-border-on:before {\n  border-style: double;\n}\n.icon-with-text-shortcode.icon-text-id-7cdc22270caecde1644a5a8de05aa736 .text-icon.dt-icon-border-dashed.dt-icon-border-on:before {\n  border-style: dashed;\n}\n.icon-with-text-shortcode.icon-text-id-7cdc22270caecde1644a5a8de05aa736 .text-icon.dt-icon-border-dotted.dt-icon-border-on:before {\n  border-style: dotted;\n}\n.icon-with-text-shortcode.icon-text-id-7cdc22270caecde1644a5a8de05aa736 .text-icon.dt-icon-border-double.dt-icon-border-on:before {\n  border-style: double;\n}\n.icon-with-text-shortcode.icon-text-id-7cdc22270caecde1644a5a8de05aa736 .text-icon.dt-icon-hover-border-on:after {\n  border-width: 2px;\n  border-style: solid;\n}\n.icon-with-text-shortcode.icon-text-id-7cdc22270caecde1644a5a8de05aa736 .text-icon.dt-icon-border-dashed.dt-icon-hover-border-on:after {\n  border-style: dashed;\n}\n.icon-with-text-shortcode.icon-text-id-7cdc22270caecde1644a5a8de05aa736 .text-icon.dt-icon-border-dotted.dt-icon-hover-border-on:after {\n  border-style: dotted;\n}\n.icon-with-text-shortcode.icon-text-id-7cdc22270caecde1644a5a8de05aa736 .text-icon.dt-icon-border-double.dt-icon-hover-border-on:after {\n  border-style: double;\n}\n.icon-with-text-shortcode.icon-text-id-7cdc22270caecde1644a5a8de05aa736 .text-icon.dt-icon-hover-on:hover {\n  font-size: 32px;\n}\n#page .icon-with-text-shortcode.icon-text-id-7cdc22270caecde1644a5a8de05aa736 .text-icon.dt-icon-hover-on:hover .soc-font-icon,\n#phantom .icon-with-text-shortcode.icon-text-id-7cdc22270caecde1644a5a8de05aa736 .text-icon.dt-icon-hover-on:hover .soc-font-icon,\n#page .icon-with-text-shortcode.icon-text-id-7cdc22270caecde1644a5a8de05aa736 .text-icon.dt-icon-hover-on:hover .soc-icon,\n#phantom .icon-with-text-shortcode.icon-text-id-7cdc22270caecde1644a5a8de05aa736 .text-icon.dt-icon-hover-on:hover .soc-icon {\n  color: #fff;\n  background: none;\n}\n#page .icon-with-text-shortcode.icon-text-id-7cdc22270caecde1644a5a8de05aa736 .text-icon.dt-icon-hover-on:not(:hover) .soc-font-icon,\n#phantom .icon-with-text-shortcode.icon-text-id-7cdc22270caecde1644a5a8de05aa736 .text-icon.dt-icon-hover-on:not(:hover) .soc-font-icon,\n#page .icon-with-text-shortcode.icon-text-id-7cdc22270caecde1644a5a8de05aa736 .text-icon.dt-icon-hover-on:not(:hover) .soc-icon,\n#phantom .icon-with-text-shortcode.icon-text-id-7cdc22270caecde1644a5a8de05aa736 .text-icon.dt-icon-hover-on:not(:hover) .soc-icon,\n#page .icon-with-text-shortcode.icon-text-id-7cdc22270caecde1644a5a8de05aa736 .text-icon.dt-icon-hover-off .soc-font-icon,\n#phantom .icon-with-text-shortcode.icon-text-id-7cdc22270caecde1644a5a8de05aa736 .text-icon.dt-icon-hover-off .soc-font-icon,\n#page .icon-with-text-shortcode.icon-text-id-7cdc22270caecde1644a5a8de05aa736 .text-icon.dt-icon-hover-off .soc-icon,\n#phantom .icon-with-text-shortcode.icon-text-id-7cdc22270caecde1644a5a8de05aa736 .text-icon.dt-icon-hover-off .soc-icon {\n  color: #fff;\n  background: none;\n}\n.icon-with-text-shortcode.icon-text-id-7cdc22270caecde1644a5a8de05aa736.layout-1 {\n  grid-template-columns: 60px minmax(0,1fr);\n  grid-column-gap: 0px;\n}\n.icon-with-text-shortcode.icon-text-id-7cdc22270caecde1644a5a8de05aa736.layout-2 {\n  grid-template-columns: minmax(0,1fr) 60px;\n  grid-column-gap: 0px;\n}\n.icon-with-text-shortcode.icon-text-id-7cdc22270caecde1644a5a8de05aa736.layout-2 .text-icon {\n  margin-left: 0;\n}\n.icon-with-text-shortcode.icon-text-id-7cdc22270caecde1644a5a8de05aa736.layout-3 {\n  grid-template-columns: 60px minmax(0,1fr);\n}\n.icon-with-text-shortcode.icon-text-id-7cdc22270caecde1644a5a8de05aa736.layout-3 .dt-text-title {\n  margin-left: 0px;\n}\n.icon-with-text-shortcode.icon-text-id-7cdc22270caecde1644a5a8de05aa736 .dt-text-title,\n.icon-with-text-shortcode.icon-text-id-7cdc22270caecde1644a5a8de05aa736 .dt-text-title a {\n  font-weight: bold;\n}\n.icon-with-text-shortcode.icon-text-id-7cdc22270caecde1644a5a8de05aa736 .dt-text-title {\n  margin-bottom: 0px;\n}\n.icon-with-text-shortcode.icon-text-id-7cdc22270caecde1644a5a8de05aa736 .dt-text-desc {\n  margin-bottom: 0px;\n}\n<\/style><div class=\"icon-with-text-shortcode  icon-text-id-7cdc22270caecde1644a5a8de05aa736 layout-4  \" ><a href=\"https:\/\/spitalturda.ro\/wp-content\/uploads\/2025\/01\/LM-947-C-SPITALUL-MUNICIPAL-TURDA-2024.01.30-1-1.pdf\" class=\"anchor-link  default-btn-shortcode dt-btn dt-btn-s link-hover-off\"><span>Descarc\u0103<\/span><\/a><\/div>[vc_column_text css=&#8221;&#8221;]<a href=\"https:\/\/spitalturda.ro\/wp-content\/uploads\/2025\/01\/LM-947-C-SPITALUL-MUNICIPAL-TURDA-2024.01.30-1-1.pdf\" class=\"pdfemb-viewer\" style=\"\" data-width=\"max\" data-height=\"max\" data-toolbar=\"both\" data-toolbar-fixed=\"on\">LM 947 C SPITALUL MUNICIPAL TURDA 2024.01.30 (1) (1)<\/a>[\/vc_column_text][\/vc_column_inner][\/vc_row_inner]<style type=\"text\/css\" data-type=\"the7_shortcodes-inline-css\">.icon-with-text-shortcode.icon-text-id-d574a794dd9d70c224916984ac262131 .text-icon {\n  width: 60px;\n  height: 60px;\n  line-height: 60px;\n  font-size: 32px;\n  border-radius: 200px;\n  margin: 0px 0px 0px 0px;\n}\n.icon-with-text-shortcode.icon-text-id-d574a794dd9d70c224916984ac262131 .text-icon .icon-inner {\n  min-width: 60px;\n  min-height: 60px;\n  border-radius: 200px;\n}\n@media all and (-ms-high-contrast: none) {\n  .icon-with-text-shortcode.icon-text-id-d574a794dd9d70c224916984ac262131 .text-icon .icon-inner {\n    height: 60px;\n  }\n}\n.icon-with-text-shortcode.icon-text-id-d574a794dd9d70c224916984ac262131 .text-icon .dt-hover-icon {\n  line-height: 60px;\n}\n.icon-with-text-shortcode.icon-text-id-d574a794dd9d70c224916984ac262131 .text-icon:before,\n.icon-with-text-shortcode.icon-text-id-d574a794dd9d70c224916984ac262131 .text-icon:after,\n.icon-with-text-shortcode.icon-text-id-d574a794dd9d70c224916984ac262131 .text-icon .icon-inner:before,\n.icon-with-text-shortcode.icon-text-id-d574a794dd9d70c224916984ac262131 .text-icon .icon-inner:after {\n  min-width: 100%;\n  min-height: 100%;\n  padding: inherit;\n  border-radius: inherit;\n}\n.icon-with-text-shortcode.icon-text-id-d574a794dd9d70c224916984ac262131 .text-icon.dt-icon-border-on:before {\n  border-width: 2px;\n  border-style: solid;\n}\n.dt-icon-border-dashed.icon-with-text-shortcode.icon-text-id-d574a794dd9d70c224916984ac262131 .text-icon.dt-icon-border-on:before {\n  border-style: dashed;\n}\n.dt-icon-border-dotted.icon-with-text-shortcode.icon-text-id-d574a794dd9d70c224916984ac262131 .text-icon.dt-icon-border-on:before {\n  border-style: dotted;\n}\n.dt-icon-border-double.icon-with-text-shortcode.icon-text-id-d574a794dd9d70c224916984ac262131 .text-icon.dt-icon-border-on:before {\n  border-style: double;\n}\n.icon-with-text-shortcode.icon-text-id-d574a794dd9d70c224916984ac262131 .text-icon.dt-icon-border-dashed.dt-icon-border-on:before {\n  border-style: dashed;\n}\n.icon-with-text-shortcode.icon-text-id-d574a794dd9d70c224916984ac262131 .text-icon.dt-icon-border-dotted.dt-icon-border-on:before {\n  border-style: dotted;\n}\n.icon-with-text-shortcode.icon-text-id-d574a794dd9d70c224916984ac262131 .text-icon.dt-icon-border-double.dt-icon-border-on:before {\n  border-style: double;\n}\n.icon-with-text-shortcode.icon-text-id-d574a794dd9d70c224916984ac262131 .text-icon.dt-icon-hover-border-on:after {\n  border-width: 2px;\n  border-style: solid;\n}\n.icon-with-text-shortcode.icon-text-id-d574a794dd9d70c224916984ac262131 .text-icon.dt-icon-border-dashed.dt-icon-hover-border-on:after {\n  border-style: dashed;\n}\n.icon-with-text-shortcode.icon-text-id-d574a794dd9d70c224916984ac262131 .text-icon.dt-icon-border-dotted.dt-icon-hover-border-on:after {\n  border-style: dotted;\n}\n.icon-with-text-shortcode.icon-text-id-d574a794dd9d70c224916984ac262131 .text-icon.dt-icon-border-double.dt-icon-hover-border-on:after {\n  border-style: double;\n}\n.icon-with-text-shortcode.icon-text-id-d574a794dd9d70c224916984ac262131 .text-icon.dt-icon-hover-on:hover {\n  font-size: 32px;\n}\n#page .icon-with-text-shortcode.icon-text-id-d574a794dd9d70c224916984ac262131 .text-icon.dt-icon-hover-on:hover .soc-font-icon,\n#phantom .icon-with-text-shortcode.icon-text-id-d574a794dd9d70c224916984ac262131 .text-icon.dt-icon-hover-on:hover .soc-font-icon,\n#page .icon-with-text-shortcode.icon-text-id-d574a794dd9d70c224916984ac262131 .text-icon.dt-icon-hover-on:hover .soc-icon,\n#phantom .icon-with-text-shortcode.icon-text-id-d574a794dd9d70c224916984ac262131 .text-icon.dt-icon-hover-on:hover .soc-icon {\n  color: #fff;\n  background: none;\n}\n#page .icon-with-text-shortcode.icon-text-id-d574a794dd9d70c224916984ac262131 .text-icon.dt-icon-hover-on:not(:hover) .soc-font-icon,\n#phantom .icon-with-text-shortcode.icon-text-id-d574a794dd9d70c224916984ac262131 .text-icon.dt-icon-hover-on:not(:hover) .soc-font-icon,\n#page .icon-with-text-shortcode.icon-text-id-d574a794dd9d70c224916984ac262131 .text-icon.dt-icon-hover-on:not(:hover) .soc-icon,\n#phantom .icon-with-text-shortcode.icon-text-id-d574a794dd9d70c224916984ac262131 .text-icon.dt-icon-hover-on:not(:hover) .soc-icon,\n#page .icon-with-text-shortcode.icon-text-id-d574a794dd9d70c224916984ac262131 .text-icon.dt-icon-hover-off .soc-font-icon,\n#phantom .icon-with-text-shortcode.icon-text-id-d574a794dd9d70c224916984ac262131 .text-icon.dt-icon-hover-off .soc-font-icon,\n#page .icon-with-text-shortcode.icon-text-id-d574a794dd9d70c224916984ac262131 .text-icon.dt-icon-hover-off .soc-icon,\n#phantom .icon-with-text-shortcode.icon-text-id-d574a794dd9d70c224916984ac262131 .text-icon.dt-icon-hover-off .soc-icon {\n  color: #fff;\n  background: none;\n}\n.icon-with-text-shortcode.icon-text-id-d574a794dd9d70c224916984ac262131.layout-1 {\n  grid-template-columns: 60px minmax(0,1fr);\n  grid-column-gap: 0px;\n}\n.icon-with-text-shortcode.icon-text-id-d574a794dd9d70c224916984ac262131.layout-2 {\n  grid-template-columns: minmax(0,1fr) 60px;\n  grid-column-gap: 0px;\n}\n.icon-with-text-shortcode.icon-text-id-d574a794dd9d70c224916984ac262131.layout-2 .text-icon {\n  margin-left: 0;\n}\n.icon-with-text-shortcode.icon-text-id-d574a794dd9d70c224916984ac262131.layout-3 {\n  grid-template-columns: 60px minmax(0,1fr);\n}\n.icon-with-text-shortcode.icon-text-id-d574a794dd9d70c224916984ac262131.layout-3 .dt-text-title {\n  margin-left: 0px;\n}\n.icon-with-text-shortcode.icon-text-id-d574a794dd9d70c224916984ac262131 .dt-text-title,\n.icon-with-text-shortcode.icon-text-id-d574a794dd9d70c224916984ac262131 .dt-text-title a {\n  font-weight: bold;\n}\n.icon-with-text-shortcode.icon-text-id-d574a794dd9d70c224916984ac262131 .dt-text-title {\n  margin-bottom: 0px;\n}\n.icon-with-text-shortcode.icon-text-id-d574a794dd9d70c224916984ac262131 .dt-text-desc {\n  margin-bottom: 0px;\n}\n<\/style><div class=\"icon-with-text-shortcode  icon-text-id-d574a794dd9d70c224916984ac262131 layout-4  \" ><h4 class=\"dt-text-title anchor-link\"><a class=\"anchor-link\"  href=\"https:\/\/spitalturda.ro\/wp-content\/uploads\/2025\/01\/8.6-F3-Chestionar-de-evaluare-a-feedback-ului-de-la-pacient-1.docx\">Chestionar de evaluare a satisfacerii cerintelor beneficiarilor - pacienti<\/a><\/h4><a href=\"https:\/\/spitalturda.ro\/wp-content\/uploads\/2025\/01\/8.6-F3-Chestionar-de-evaluare-a-feedback-ului-de-la-pacient-1.docx\" class=\"anchor-link  default-btn-shortcode dt-btn dt-btn-s link-hover-off\"><span>Descarc\u0103<\/span><\/a><\/div>[\/vc_column][vc_column width=&#8221;1\/2&#8243;]<div class=\"dt-fancy-separator title-left h4-size accent-border-color\" style=\"width: 100%;\"><div class=\"dt-fancy-title bg-on\"><span class=\"separator-holder separator-left\"><\/span>Laborator Analize Medicale<span class=\"separator-holder separator-right\"><\/span><\/div><\/div>[vc_column_text css=&#8221;.vc_custom_1730315474779{margin-top: 10px !important;}&#8221;]<strong>Medic \u0219ef laborator:<\/strong><br \/>\nDR. PETREA ALINA\u00a0 MARIA &#8211; medic primar &#8211; specialitatea medicina de laborator<\/p>\n<p><strong>Medici de Laborator analize medicale:<\/strong><br \/>\nDR. MIHALCIOIU RAMONA IZABELA \u2013 Medic primar &#8211; specialitatea medicina de laborator<br \/>\nDR. CIUCA PARASCHIVA \u2013\u00a0 Medic specialist &#8211; specialitatea medicina de laborator<\/p>\n<p>Analize de laborator in contract cu CAS<br \/>\nLaborator acreditat RENAR<\/p>\n<p align=\"JUSTIFY\"><span lang=\"ro-RO\">Laboratorul de analize medicale al Spitalului Municipal Turda func\u021bioneaz\u0103 \u00een cadrul Policlinicii, la etajul 2. Acesta ofer\u0103 servicii de calitate pentru pacien\u021bi, av\u00e2nd urm\u0103torul program de func\u021bionare:\u00a0<\/span><\/p>\n<p align=\"JUSTIFY\"><span style=\"color: #1f497d;\"><span lang=\"ro-RO\"><b>RECOLT\u0102RI PROBE<\/b><\/span><\/span><\/p>\n<p align=\"JUSTIFY\"><span style=\"color: #1f497d;\"><span lang=\"ro-RO\"><b>LUNI \u2013 VINERI<\/b><\/span><\/span><\/p>\n<p align=\"JUSTIFY\"><span style=\"color: #c00000;\"><span lang=\"ro-RO\"><b>07:30 \u2013 09:30<\/b><\/span><\/span><\/p>\n<p align=\"JUSTIFY\"><span style=\"color: #1f497d;\"><span lang=\"ro-RO\"><b>ELIBER\u0102RI REZULTATE<\/b><\/span><\/span><\/p>\n<p align=\"JUSTIFY\"><span style=\"color: #1f497d;\"><span lang=\"ro-RO\"><b>LUNI \u2013 VINERI<\/b><\/span><\/span><\/p>\n<p align=\"JUSTIFY\"><span style=\"color: #c00000;\"><span lang=\"ro-RO\"><b>13:00 \u2013 14:00<\/b><\/span><\/span><\/p>\n<p align=\"JUSTIFY\"><span style=\"color: #1f497d;\"><span lang=\"ro-RO\"><b>Program\u0103ri:<\/b><\/span><\/span><\/p>\n<p align=\"JUSTIFY\"><span style=\"color: #c00000;\"><span lang=\"ro-RO\"><b>Tel: 0364 442 275<\/b><\/span><\/span><\/p>\n<p align=\"JUSTIFY\"><span lang=\"ro-RO\">Laboratorul se afl\u0103 \u00een contract cu Casa de Asigur\u0103ri de S\u0103n\u0103tate (CAS), astfel \u00eenc\u00e2t pacien\u021bii pot beneficia de analize medicale gratuite, pe baza unui bilet de trimitere de la medicul de familie sau medicul specialist. \u00cen plus, exist\u0103 posibilitatea de a efectua analize la cerere, contra cost, tarifele pentru aceste servicii fiind disponibile pe site-ul oficial al spitalului.<\/span><\/p>\n<p align=\"JUSTIFY\"><span lang=\"ro-RO\">Laboratorul colaboreaz\u0103 cu alte laboratoare specializate, permi\u021b\u00e2nd efectuarea unei game extinse de analize medicale. De asemenea, personalul medical superior este preg\u0103tit s\u0103 ofere, la cerere, consiliere pacien\u021bilor \u00een leg\u0103tur\u0103 cu rezultatele analizelor sau alte aspecte specifice domeniului medical.<\/span><\/p>\n<p align=\"JUSTIFY\"><span lang=\"ro-RO\">Laboratorul este acreditat RENAR (Organismul Na\u021bional de Acreditare din Rom\u00e2nia), garant\u00e2nd astfel standarde \u00eenalte de calitate. Dotarea laboratorului cu aparatur\u0103 modern\u0103 \u0219i performant\u0103 asigur\u0103 precizia \u0219i acurate\u021bea rezultatelor analizelor medicale efectuate aici.\u00a0<\/span><\/p>\n<p align=\"JUSTIFY\"><span lang=\"ro-RO\">Acest laborator reprezint\u0103 un pilon important \u00een diagnosticarea corect\u0103 \u0219i prompt\u0103 a pacien\u021bilor din Turda \u0219i \u00eemprejurimi, contribuind la s\u0103n\u0103tatea \u0219i bun\u0103starea popula\u021biei deservite.<\/span><\/p>\n<p>[\/vc_column_text][\/vc_column][\/vc_row]<\/p>\n<\/div>","protected":false},"excerpt":{"rendered":"<p>[vc_row][vc_column width=&#8221;1\/2&#8243;][vc_single_image image=&#8221;3054&#8243; img_size=&#8221;large&#8221;][vc_row_inner][vc_column_inner][vc_column_text css=&#8221;&#8221;][\/vc_column_text][vc_column_text css=&#8221;&#8221;][\/vc_column_text][\/vc_column_inner][\/vc_row_inner][\/vc_column][vc_column width=&#8221;1\/2&#8243;][vc_column_text css=&#8221;.vc_custom_1730315474779{margin-top: 10px !important;}&#8221;]Medic \u0219ef laborator: DR. PETREA ALINA\u00a0 MARIA &#8211; medic primar &#8211; specialitatea medicina de laborator Medici de Laborator analize medicale: DR. MIHALCIOIU RAMONA IZABELA \u2013 Medic primar &#8211; specialitatea medicina de laborator DR. CIUCA PARASCHIVA \u2013\u00a0 Medic specialist &#8211; specialitatea medicina de laborator Analize de laborator&hellip;<\/p>\n","protected":false},"author":2,"featured_media":0,"parent":2922,"menu_order":0,"comment_status":"closed","ping_status":"open","template":"","meta":{"footnotes":""},"class_list":["post-3053","page","type-page","status-publish","hentry","description-off"],"_links":{"self":[{"href":"https:\/\/spitalturda.ro\/index.php\/wp-json\/wp\/v2\/pages\/3053","targetHints":{"allow":["GET"]}}],"collection":[{"href":"https:\/\/spitalturda.ro\/index.php\/wp-json\/wp\/v2\/pages"}],"about":[{"href":"https:\/\/spitalturda.ro\/index.php\/wp-json\/wp\/v2\/types\/page"}],"author":[{"embeddable":true,"href":"https:\/\/spitalturda.ro\/index.php\/wp-json\/wp\/v2\/users\/2"}],"replies":[{"embeddable":true,"href":"https:\/\/spitalturda.ro\/index.php\/wp-json\/wp\/v2\/comments?post=3053"}],"version-history":[{"count":13,"href":"https:\/\/spitalturda.ro\/index.php\/wp-json\/wp\/v2\/pages\/3053\/revisions"}],"predecessor-version":[{"id":11239,"href":"https:\/\/spitalturda.ro\/index.php\/wp-json\/wp\/v2\/pages\/3053\/revisions\/11239"}],"up":[{"embeddable":true,"href":"https:\/\/spitalturda.ro\/index.php\/wp-json\/wp\/v2\/pages\/2922"}],"wp:attachment":[{"href":"https:\/\/spitalturda.ro\/index.php\/wp-json\/wp\/v2\/media?parent=3053"}],"curies":[{"name":"wp","href":"https:\/\/api.w.org\/{rel}","templated":true}]}}