{"id":11724,"date":"2025-07-29T06:17:25","date_gmt":"2025-07-29T06:17:25","guid":{"rendered":"https:\/\/spitalturda.ro\/?page_id=11724"},"modified":"2025-07-29T06:17:25","modified_gmt":"2025-07-29T06:17:25","slug":"lista-documentelor-de-interes-public","status":"publish","type":"page","link":"https:\/\/spitalturda.ro\/index.php\/lista-documentelor-de-interes-public\/","title":{"rendered":"Lista documentelor de interes public"},"content":{"rendered":"<div class=\"wpb-content-wrapper\"><p>[vc_row][vc_column]<div id=\"ultimate-heading-164969e9d4d9b7be7\" class=\"uvc-heading ult-adjust-bottom-margin ultimate-heading-164969e9d4d9b7be7 uvc-3164  uvc-heading-default-font-sizes\" data-hspacer=\"no_spacer\"  data-halign=\"left\" style=\"text-align:left\"><div class=\"uvc-heading-spacer no_spacer\" style=\"top\"><\/div><div class=\"uvc-main-heading ult-responsive\"  data-ultimate-target='.uvc-heading.ultimate-heading-164969e9d4d9b7be7 h4'  data-responsive-json-new='{\"font-size\":\"\",\"line-height\":\"\"}' ><h4 style=\"font-family:&#039;Roboto Condensed&#039;;font-weight:300;\">Lista documentelor de interes public<\/h4><\/div><div class=\"uvc-sub-heading ult-responsive\"  data-ultimate-target='.uvc-heading.ultimate-heading-164969e9d4d9b7be7 .uvc-sub-heading '  data-responsive-json-new='{\"font-size\":\"\",\"line-height\":\"\"}'  style=\"font-weight:normal;\">a) actele normative care reglementeaz\u0103 organizarea \u015fi func\u0163ionarea autorit\u0103\u0163ii sau institu\u0163iei publice;<br \/>\nb) structura organizatoric\u0103, atribu\u0163iile departamentelor, programul de func\u0163ionare, programul de audien\u0163e al autorit\u0103\u0163ii sau institu\u0163iei publice;<br \/>\nc) numele \u015fi prenumele persoanelor din conducerea autorit\u0103\u0163ii sau a institu\u0163iei publice \u015fi ale func\u0163ionarului responsabil cu difuzarea informa\u0163iilor publice;<br \/>\nd) coordonatele de contact ale autorit\u0103\u0163ii sau institu\u0163iei publice, respectiv: denumirea, sediul, numerele de telefon, fax, adresa de e-mail \u015fi adresa paginii de Internet;<br \/>\ne) sursele financiare, bugetul \u015fi bilan\u0163ul contabil;<br \/>\nf) programele \u015fi strategiile proprii;<br \/>\ng) lista cuprinz\u00e2nd documentele de interes public;<br \/>\nh) lista cuprinz\u00e2nd categoriile de documente produse \u015fi\/sau gestionate, potrivit legii;<br \/>\ni) modalit\u0103\u0163ile de contestare a deciziei autorit\u0103\u0163ii sau a institu\u0163iei publice \u00een situa\u0163ia \u00een care persoana se consider\u0103 v\u0103t\u0103mat\u0103 \u00een privin\u0163a dreptului de acces la informa\u0163iile de interes public<br \/>\nsolicitate.<\/div><\/div>[\/vc_column][\/vc_row]<\/p>\n<\/div>","protected":false},"excerpt":{"rendered":"<p>[vc_row][vc_column][\/vc_column][\/vc_row]<\/p>\n","protected":false},"author":2,"featured_media":0,"parent":0,"menu_order":0,"comment_status":"closed","ping_status":"open","template":"","meta":{"footnotes":""},"class_list":["post-11724","page","type-page","status-publish","hentry","description-off"],"_links":{"self":[{"href":"https:\/\/spitalturda.ro\/index.php\/wp-json\/wp\/v2\/pages\/11724","targetHints":{"allow":["GET"]}}],"collection":[{"href":"https:\/\/spitalturda.ro\/index.php\/wp-json\/wp\/v2\/pages"}],"about":[{"href":"https:\/\/spitalturda.ro\/index.php\/wp-json\/wp\/v2\/types\/page"}],"author":[{"embeddable":true,"href":"https:\/\/spitalturda.ro\/index.php\/wp-json\/wp\/v2\/users\/2"}],"replies":[{"embeddable":true,"href":"https:\/\/spitalturda.ro\/index.php\/wp-json\/wp\/v2\/comments?post=11724"}],"version-history":[{"count":1,"href":"https:\/\/spitalturda.ro\/index.php\/wp-json\/wp\/v2\/pages\/11724\/revisions"}],"predecessor-version":[{"id":11725,"href":"https:\/\/spitalturda.ro\/index.php\/wp-json\/wp\/v2\/pages\/11724\/revisions\/11725"}],"wp:attachment":[{"href":"https:\/\/spitalturda.ro\/index.php\/wp-json\/wp\/v2\/media?parent=11724"}],"curies":[{"name":"wp","href":"https:\/\/api.w.org\/{rel}","templated":true}]}}